f = -6*f + 69. Let t = f - -2. What is the units digit of t?
5
Let i be (-33)/(-2) + (-2 - 10/(-4)). Let c = 18 + i. What is the tens digit of c?
3
What is the units digit of (1 + 624 + 10)*2/5?
4
Suppose 260 = 27*f - 22*f. What is the hundreds digit of (-175)/14*f/(-5)?
1
Let s = 737 + -1107. What is the tens digit of (s*(6/(-15) - 0))/2?
7
Let z(x) = -2*x - 16. Let g be z(-7). Let p(j) = -10*j**3 - 4*j**2 - 8*j + 1. What is the units digit of p(g)?
1
Let g(h) = -h**3 + 11*h**2 - h + 9. Let p be g(11). Let f be ((4*-2)/p)/2. What is the tens digit of f/(-3) - 380/(-12)?
3
Let f be 22/(-1) - (-2 + 4). Let z = 52 + f. What is the tens digit of z?
2
Let z(m) = -m**3 + 11*m**2 - m + 10. Let v be z(11). What is the units digit of (-190)/15*v*6?
6
What is the thousands digit of ((-76)/266)/((-2)/17276)?
2
Suppose 4*v + 15 = j + 3*v, -3*j - 2*v + 50 = 0. What is the units digit of 4/j*1 + 46/8?
6
Suppose 3*p = 8*p + 5. Let k(f) = 5*f**3 + f**2. Let i be k(p). Let q = 10 + i. What is the units digit of q?
6
Suppose 212 - 40 = -4*i + 2*t, 3*i + 5*t + 142 = 0. Let n(k) = k + 14. Let y be n(-35). Let m = y - i. What is the tens digit of m?
2
Let c(q) = q**3 - 7*q**2 - 7*q - 4. Let z be c(8). Let j(u) = 5*u - 2 + u**2 + z + 0*u. What is the units digit of j(-5)?
2
Let m = -24 - -12. Let k(d) = 2*d**2 + d. Let g be k(-2). What is the units digit of (m/(-10))/(g/20)?
4
Suppose -3 = -r + 7. Let w(b) = -19. Let t(m) = -m + 18. Let l(n) = -3*t(n) - 2*w(n). What is the units digit of l(r)?
4
Suppose -2 = -3*j + 5*l + 4, -l - 6 = -3*j. Suppose 0*m = -j*m + 144. What is the tens digit of m?
7
Suppose 2*b - 366 = -114. Suppose 0 = 20*h - 22*h + b. What is the units digit of h?
3
Let v be 7/(-6) - 1/(-6). Let s be ((-9)/12)/(v/28). Suppose 2*q = q + s. What is the tens digit of q?
2
Suppose p - l - 32 = 0, 2*l - 62 = -5*p + 133. Suppose 4*u + 3*y - p = 439, -357 = -3*u + 4*y. What is the tens digit of u?
1
Let s be (((-18)/4)/(-3))/(108/144). Suppose u + 4*u + s*c - 62 = 0, c + 18 = u. What is the units digit of u?
4
Let q = 24 + -12. Let k = -3 + q. Let z(u) = 2*u + 6. What is the units digit of z(k)?
4
Let z = 37 - 27. What is the tens digit of (4/z)/((-1)/(-150))?
6
What is the hundreds digit of (28/(-4))/(-21) + 3939/9?
4
Let q = 32 + -16. What is the units digit of (-18)/(-144) + 62/q?
4
What is the hundreds digit of (-7)/(-4) + 3/12 - -962?
9
Suppose -n - 12 = 5*c, 0*c = -2*n + c - 2. Let h be 2 + n + 2 + 38. Let u = h + -6. What is the units digit of u?
4
Let f be (2*2)/(56/(-12) + 6). Suppose 4*j - 749 + 37 = 3*q, -f*j = q - 521. What is the tens digit of j?
7
Suppose v = -0*d - 3*d + 13, -d + 5*v + 15 = 0. Suppose -2*u - 3 + d = 0. Suppose -3 - u = -4*k. What is the units digit of k?
1
Suppose -10 = 5*p, 3*p - 2 - 4 = 4*v. Let d(i) = 5*i**2 - 3*i - 3. What is the tens digit of d(v)?
5
Let d(n) = -n**3 + 16*n**2 - n + 13. Let s be d(16). What is the units digit of s/1*(-177)/9?
9
Suppose 3*l - 58 = l. Let s be (-303)/12 - 4/(-16). Let k = s + l. What is the units digit of k?
4
Suppose t = -4*t. Suppose 0 = u + 2*q - 74, t = 5*u + q - 3*q - 358. What is the units digit of u?
2
Let l(a) = -5*a + 3*a**2 + 0*a**2 - 2 - 4*a**2. Let j be l(-2). Let m = 15 + j. What is the units digit of m?
9
What is the units digit of (-17)/((-68)/6820) + 2*-2?
1
Let b = -523 - -918. Suppose 14*x = 9*x + b. What is the units digit of x?
9
Suppose 0 = -5*q - 5*o - 1496 - 2639, -o + 2477 = -3*q. What is the tens digit of q/(-9) - 4*(-2)/36?
9
Let v(o) = -7*o - o + 4 + 5*o**2 + 2*o + o + o**3. Let j be v(-6). What is the units digit of (j/2)/(2/(-16))?
8
Let k be (-46)/(-14) + (4/(-14) - 0). Suppose -3*g - 3*x = -7*x - 391, 5*g = k*x + 637. What is the units digit of g?
5
Suppose 5*c = -377 + 7. Let k = -31 - c. What is the tens digit of k?
4
Let q = -10 - -20. Suppose 0 = -2*h + q*h - 800. What is the hundreds digit of h?
1
Let a(j) = 3*j - 19. Let f be a(6). What is the hundreds digit of 21/28 + f*1426/(-8)?
1
Let b(i) = -11*i**3 - 40*i**2 - 5*i - 10. What is the hundreds digit of b(-7)?
8
Let q = 1063 + -443. What is the tens digit of q?
2
Let m(y) = 60*y**2 + 9*y + 20. What is the hundreds digit of m(-3)?
5
Let w(q) = q**3 - 3*q**2 - 6*q + 40. What is the tens digit of w(5)?
6
Let q(t) = 71*t + 31. What is the hundreds digit of q(6)?
4
Suppose 218 - 44 = 3*n. Let v(z) = 3*z**2 + 3*z**2 + n*z**3 + 0*z**2 - z - 5*z**2. What is the units digit of v(1)?
8
Let r = -40 - -22. Suppose 5*f + f = -114. Let n = r - f. What is the units digit of n?
1
Suppose -3*x + 7 + 8 = 0, 3*x = -5*y + 155. Suppose -8 = 5*h - y. Suppose 18 = h*n + 2. What is the units digit of n?
4
Suppose 3*v = v. Suppose 0 = -2*n - n + 42. Let g = v + n. What is the tens digit of g?
1
Suppose 5*y + 3*c - 94 = 0, -18 - 64 = -4*y + c. Let b(m) = -m + 31. What is the tens digit of b(y)?
1
Let o = -14 - -13. Let l(c) = 51*c + 7. Let k(d) = -77*d - 11. Let q(y) = -5*k(y) - 8*l(y). What is the units digit of q(o)?
2
Let c be ((-30)/(-4))/5*6. Suppose 0 = -i + x + c, 8*i + 3*x - 8 = 4*i. Suppose i*k = 4*k + 9. What is the units digit of k?
9
Let w = 362 + 90. What is the units digit of w?
2
Let z(a) = -22*a - 27. Let h be z(-12). Suppose 4*r = h + 59. What is the units digit of r?
4
Let y(w) = 20*w**2 - 2*w - 2. Let u be y(-1). Let f = 9 + u. Suppose -17 = -s + f. What is the units digit of s?
6
Suppose 4*h = -2 + 6. Let i be -3 + 4 + -29 - h. Let d = 52 + i. What is the tens digit of d?
2
Let a(g) = -86*g**3 + 5*g**2 - 5*g - 5. Let k(u) = -u**3 + u**2 - u - 1. Let c(v) = a(v) - 6*k(v). What is the units digit of c(-1)?
9
Suppose 0 = 5*g - b - 1642, -1307 = -4*g + 3*b - 0*b. What is the tens digit of g?
2
Suppose -140 = b + 4*b. Suppose -4*n - 51 = -n - 5*f, -3*n - 51 = 2*f. Let r = n - b. What is the tens digit of r?
1
Suppose -2*c - 16 = -104. Suppose -i - 3*i + m = 59, 4*i + 4*m + c = 0. Let a = i + 19. What is the units digit of a?
5
Let s(j) = -2*j**2 + 2*j - 7 - j**3 - 11*j + 12*j**2 + 2*j**2. What is the units digit of s(10)?
3
Let n = 30 - 26. Suppose x - 3*v - 10 = v, -n*v = -4. What is the units digit of x?
4
Let m = -74 - -2318. What is the hundreds digit of m?
2
Let z = -1042 + 1870. What is the units digit of z?
8
Let m be 45/(-6) + (-2)/4. Let b = m - -29. What is the units digit of (-4)/(-8) - b/(-2)?
1
Let g(q) = -q**2 - 12*q - 29. Let x be g(-4). Suppose 0 = -0*t - t + 3. Suppose -4*f + 158 = 5*p, -x*f = -t*p + 2*f + 117. What is the units digit of p?
4
Let c(j) = 10*j**2 + j - 1. Let w = -40 - -44. Suppose -8 = x - 2*t, 0 = -w*x - 3*t + 7*t - 20. What is the units digit of c(x)?
7
Let g = -3 + 8. Let t(p) = 48*p - 36. What is the tens digit of t(g)?
0
Suppose 480 = 2*u - 8*u. Let s = u - -179. What is the units digit of s?
9
Suppose 10*w - 7960 - 2590 = 0. What is the hundreds digit of w?
0
Suppose c = -7*g + 5*g + 945, -1893 = -4*g + c. What is the hundreds digit of g?
4
Suppose -p - 3*v + 311 = -9, v + 312 = p. What is the units digit of p?
4
What is the tens digit of 1 - (-626 + 1 + 8)?
1
Let l = 1758 - -832. What is the tens digit of l?
9
Let r be -2 + -3 + 14/7. Let s be r/1 + 1*6. Suppose 49 = s*g - 47. What is the units digit of g?
2
Let r(i) be the third derivative of i**5/20 - 11*i**4/6 + 5*i**3/2 + 19*i**2. What is the hundreds digit of r(18)?
1
Suppose 2663 = 7*s - 1929. What is the tens digit of s?
5
Let o(z) = -3*z**2 + 9*z - 42. Let d(g) = g. Let t(s) = -3*d(s) - o(s). What is the tens digit of t(6)?
7
Let g(l) = 9*l**2 + 32*l - 10. What is the hundreds digit of g(-8)?
3
Let k = 705 + -476. What is the tens digit of k?
2
Let c = -10 + 7. What is the tens digit of 4 - 6 - (c - 76)?
7
Suppose -2*k = 3*a - 5, -a - 2*a + 13 = 4*k. Suppose 0 = i + 2*o - k - 22, -5*i + 5*o + 115 = 0. What is the tens digit of i?
2
Suppose -34 = -2*f - 4*i, 3*i - 49 = -3*f - i. What is the tens digit of f + 3 - (-2)/(-1)?
1
Suppose -12*f = -13*f + 59. Suppose 5*q + f = 2*c, c + 5*q = -0*q + 37. What is the tens digit of c?
3
Suppose 331*q = 322*q + 4131. What is the tens digit of q?
5
Suppose 2*x + 1 = 5. Suppose 0 = -12*u + 11*u - l + 194, x*l + 557 = 3*u. What is the hundreds digit of u?
1
Let i(z) = z + 20. Let b be i(-6). Suppose a - 12 - b = 0. What is the units digit of a?
6
Suppose -10 = 4*f - 54. Let w 